**3 + v**2 + 1. Suppose -62 = -w - w. Suppose -4*k + 0*k - 5*c = -w, -5*k = 3*c - 29. Suppose r + k = 2. Determine h(r).
-3
Let p(k) be the first derivative of 9*k**4/4 + k**3/3 - k**2/2 + k + 56. Give p(1).
10
Let n = -20 + 8. Let y = n - -15. Let v(g) = -13*g + y*g**3 + 23*g - 9*g + 2 - 4*g**2. Determine v(2).
12
Let n(y) = 3*y**3 - y**2. Let x = -106 + 112. Suppose -x*v = -2*v - 4. Determine n(v).
2
Suppose -3*x = -2*y - 16, -21 = -2*x + 5*y + 8. Let f(z) = -4*z**x - 1 + z**2 + z**3 - 38*z + 34*z + 0*z**3. Calculate f(3).
-13
Let y(b) = 9*b**3 + 12*b**2 + 20*b - 6. Let v(f) = -2*f**3 + f**2 + 2*f. Let o(s) = 4*v(s) + y(s). What is o(-14)?
-6
Let n = -22 + 24. Suppose 0 = -2*s + 8, s - n = g - 0. Let v(z) = -5*z + 1 + 0*z - g. Give v(1).
-6
Let o(n) = 3*n**2 + n. Let q be o(1). Let f(m) = q*m**2 - 3*m**2 + 3 - 8*m + 1 + 5. Suppose 0 = -5*l - 25, -4*l + 9 + 1 = 5*i. Determine f(i).
-3
Let c = -53 + 52. Let m be (10/6 + c)/((-5)/(-15)). Let w(p) = -p**2 - 4*p + 3. What is w(m)?
-9
Let o(t) = t**3 - 6*t**2 + 5*t - 1. Suppose 2*p = -5*s, 0 = -5*s + 4 - 14. Give o(p).
-1
Let s(b) be the second derivative of b**5/20 - 11*b**4/12 + b**3/3 - 9*b**2/2 - 23*b + 1. What is s(11)?
13
Let b(v) = -v**2 - 8*v + 6. Suppose 4*f + 2 + 10 = 0, -p = 2*f + 14. What is b(p)?
6
Let o(h) = 31 - 6*h - 27 - 8 + h - 3*h**2 + 4*h**2. Let y be (2 - 2) + 2*3. Calculate o(y).
2
Suppose -164*w = -176*w - 72. Let g(x) = -x**3 - 5*x**2 + 3*x - 1. Calculate g(w).
17
Let n(z) = -z**3 + 10*z**2 + 9*z + 12. Let u(h) = 12*h + 167. Let y be u(-13). Calculate n(y).
-10
Let t(p) = p + 15. Suppose 0*n - 39 = 3*n. Let w be t(n). Let c(d) = -5*d**3 - d - 6*d**3 + d - d**w. Calculate c(1).
-12
Let a(i) = 6*i + 1. Let b be a(-1). Let y(c) be the first derivative of -c**2/2 - 6*c - 2490. What is y(b)?
-1
Let s be (1 - -3)/(4/16). Let d(z) = -2 + 0 - s*z**2 + 15*z**2 - z. Give d(3).
-14
Let g(o) be the third derivative of -o**5/60 + o**4/3 - o**3 + 15*o**2 + 3. Suppose -2*t = -5*m + 30, 4*t + 20 = 6*m - m. Determine g(m).
-6
Let a(u) = 2*u - 5. Let i(z) = -2*z - 25. Let l be i(-15). Let m(x) = x - 2. Let s(b) = l*m(b) - 2*a(b). Determine s(0).
0
Let z(f) = f + 9. Suppose -3*r + 10 = 5*a, r - 7 - 3 = 5*a. Suppose n = r*n. What is z(n)?
9
Let x = 2984 + -2989. Let i(a) = a + 1. Let s(j) = -5*j - 10. Let k(m) = -4*i(m) - s(m). Determine k(x).
1
Suppose -44*f - 4 = -45*f. Let s(h) be the second derivative of 0 + 9*h + 1/6*h**3 + 1/2*h**2 + 1/12*h**f. Calculate s(-3).
7
Suppose 3*q + 33 = 4*q + x, -q + 4*x = -18. Suppose 0 = f + c - 27, 4*f + 3*c = 5*c + 78. Let d = q - f. Let o(t) = -t. Calculate o(d).
-8
Suppose -21*t + 22*t - 1 = 0. Let o(c) = 5*c**3 - 2*c**3 - 9*c**3 + t. Give o(1).
-5
Let s(a) be the first derivative of -10*a**3/3 + a**2/2 + 1. Let k be (-80 - -73)*2*1/(-14). What is s(k)?
-9
Let n = 3 + -6. Let w(c) = -2*c**2 - 20*c - 7. Let g(k) = -k**2 - 8*k - 2. Let r(i) = -5*g(i) + 2*w(i). Calculate r(n).
5
Let z(g) be the first derivative of 51 + 3*g + 3/2*g**2. Determine z(-6).
-15
Suppose -4*p = -0*p - 12. Let n(k) be the third derivative of -1/24*k**4 + 13*k**2 + 0 + 0*k**3 + 0*k + 1/60*k**5. Calculate n(p).
6
Let g(z) = -z**3 + 11*z**2 + z - 5. Let n(c) = -9*c**3 - 3*c**3 - 10*c**2 - 4*c**3 + 17*c**3 + 4. Let b(s) = 4*g(s) + 5*n(s). Give b(5).
-5
Let u = 195 + -194. Let l(s) = -19*s**2 + s - 1. Give l(u).
-19
Let z(n) = -n**2 + 8*n - 2. Let q(v) = -3*v + 77. Let j be q(23). What is z(j)?
-2
Let l(w) be the second derivative of -w**4/12 + 2*w**3/3 - 42*w. Let b be 4/(-2)*30/(-20). Give l(b).
3
Let p(c) be the first derivative of -c**3/3 + 9*c**2/2 - 7*c - 94. Determine p(7).
7
Let z = 167 - 168. Let y(v) = -3*v. What is y(z)?
3
Let p be (6/(-4))/((-12)/32). Suppose 10 = -p*x + 30. Let w(f) = f - 5. What is w(x)?
0
Let z(c) = -c**3 - 3*c**2 - 2*c - 1. Let l(y) be the second derivative of y**4/12 - 2*y**3/3 - 3*y**2/2 - 49*y. Let m be l(4). Give z(m).
5
Let f(u) = -2*u + 10. Let c(z) = -6*z - 8. Let b be c(-1). Let t be (168/(-48))/(b/4*-1). What is f(t)?
24
Let r be 5/(-2 + -1 + 2). Let j(y) = 0*y**2 + 5*y**2 + 2*y - 4*y**2 + 2*y**2 - 6 - 2*y**2. Give j(r).
9
Let z(a) = -a**3 - 11*a**2 - 10*a - 9. Let w be z(-10). Let h(p) = -5*p - 4*p - 31*p**2 - 40*p**2 + 61*p**2 - 5 - p**3. Determine h(w).
-5
Let a(n) = 10*n**3 + 15*n**2 + 7*n - 10. Let y(s) be the first derivative of -3*s**4/4 - 5*s**3/3 - s**2 + 3*s - 27. Let j(x) = -2*a(x) - 7*y(x). Give j(-5).
-1
Let o be (-6)/(-21) + 990/210. Let k(s) = s**3 - 7*s**2 + 7*s - 1. Calculate k(o).
-16
Let p(y) = 3*y**2 + 2*y - 1. Let a be 7 + -2 + 3/3. Let v be 3/(-18)*-1*a. Calculate p(v).
4
Suppose 19*j - 21*j + 11 = r, -r + 3*j = -6. Let g(y) = -2*y + 27. Determine g(r).
9
Let i(w) = -w**3 + 8*w**2 - 6*w + 1. Let l(r) = -2*r**2 - 36*r - 56. Let a be l(-16). Calculate i(a).
-47
Let b(t) = -22*t**3 - 4*t**2 - 6*t - 1. Let d(l) = 21*l**3 + 3*l**2 + 5*l + 1. Let k(h) = 5*b(h) + 6*d(h). Give k(1).
15
Let h(n) be the third derivative of -n**5/20 - n**4/12 + n**3/6 + n**2. Let y(g) = g**2 - 60*g + 754. Let s be y(42). Calculate h(s).
-7
Let t(x) be the third derivative of x**4/6 - 5*x**3/6 + 811*x**2. Give t(3).
7
Suppose 3*x - 3 = 3*r + 9, -x - 8 = -4*r. Let j be (x/(-10))/((-6)/(-30)) - 3. Let o(h) be the first derivative of -h**2/2 - 4*h - 1. Calculate o(j).
3
Let l be (-10)/(-1) + 25 + -31. Let g(n) be the third derivative of 0 - 1/8*n**l - 1/6*n**3 + 1/30*n**5 + 0*n + 3*n**2. What is g(3)?
8
Suppose 35*q = 43*q - 16. Let r(t) be the second derivative of -10*t + 0 - 9/2*t**q - 1/3*t**3. Determine r(-6).
3
Let t(i) = -i**2 + 13*i - 6. Let g = 703 + -691. What is t(g)?
6
Let s = -275 + 277. Let i be (-3)/(3/4) - -1. Let y = s - i. Let f(n) = -n + 7. Give f(y).
2
Let y(i) = i**3 + 4*i**2 - 6*i - 3. Let o be -4 - (6/2 + -2). Let k be y(o). Let c(r) = -r - 4*r**2 + r**k + 2 + 2*r**2 + 4*r**2 - 3*r**3. Determine c(2).
-12
Let u(h) be the third derivative of -h**9/7560 - 3*h**5/20 - 20*h**2. Let d(c) be the third derivative of u(c). Determine d(1).
-8
Let p(a) = a**3 + 4*a**2 + a - 1. Suppose -28 = 4*t + q, -5*t = -5*q + 15 - 5. Suppose -x - x = 6. Let i be -6 + x*4/t. Determine p(i).
-5
Let s(z) = -2*z. Suppose 18 = -y + 4*y. Let d be ((-51)/(-15) - 3) + 78/30. Suppose d*f = f - y. Give s(f).
6
Let x be -2 + 3 + 75/(-3). Let y be (x + 9)*4/(-10). Let j(c) = -3 + y - 1 - 1 - 5*c. Give j(2).
-9
Suppose -6 = -q + 2*f, 3*q + 3*f = 1 - 10. Let a = q - 3. Let u(t) = -2*t**2 - 2. What is u(a)?
-20
Let h(j) be the third derivative of -j**5/60 - j**4/8 + 5*j**3/6 + 5*j**2 - 2. Let y(d) = d - 14. Let g be y(8). Give h(g).
-13
Let r(h) be the third derivative of -h**6/30 - h**5/15 + h**4/24 + h**3/3 - 125*h**2. Give r(-2).
16
Let l(t) = -t**2 + 5*t - 1. Let c be (-5)/2*(-36)/45. Let k be 2/(c - 0)*8. Let g = k - 6. Determine l(g).
5
Let y(m) = -67*m**2 + 0 - 3 - m**3 + 107*m**2 - 13*m + m - 52*m**2. Give y(-11).
8
Let h(j) = -j**2 - 7*j - 8. Suppose -2*p = v + 8, 5*v + 10 = -43*p + 38*p. Give h(p).
-2
Let i(c) = c**2 + c - 3. Let t be i(3). Suppose t*h = 8*h + 5. Let v(s) = -s**3 + 5*s**2 - 2*s + 3. Determine v(h).
-7
Let z(d) be the third derivative of -d**4/12 - 5*d**3/6 - d**2. Let s be 1*(-2)/(-9) + 572/18. Suppose 12 = 4*v + s. What is z(v)?
5
Let o(k) be the second derivative of -k**5/20 - k**4/2 + k**3/3 + k**2 + 9*k. Calculate o(-6).
-10
Let x(g) be the third derivative of -g**7/840 - g**6/120 + g**5/30 - 3*g**3/2 + 22*g**2. Let s(r) be the first derivative of x(r). Give s(-4).
0
Let l(j) = -j**2 - 2*j - 2. Let o be l(-3). Let u(t) = -t**2 - 2*t + 5. Give u(o).
-10
Let v(f) be the third derivative of f**3 + 0*f - 25*f**2 + 0 - 1/8*f**4 - 1/60*f**5. Let o(r) = -r**2 + 8*r - 6. Let l be o(8). Give v(l).
-12
Suppose -2*t + 2*m + 12 = 0, 4*t - m - 28 = 4*m. Suppose 0 = 94*x - 92*x + t. Let a(i) = i**3 + i + 1. Calculate a(x).
-1
Let b(r) = -2*r. Let g(i) = -i**3 + 6*i**2 + 8*i - 8. Suppose 5*q + 36 - 11 = 0. Let t(c) = -3*c - 8. Let s be t(q). Let z be g(s). Give b(z).
2
Suppose 5 + 55 = -10*y. Let z(i) = -6*i - 2. What is z(y)?
34
Suppose 0 = -4*a - v - 62 + 78, 5*v + 16 = 4*a. Let r(j) = -j**2 + 5*j - 9. What is r(a)?
-5
Let c(s) be the second derivative of -s**5/20 + 5*s**4/12 + s**3/2 - 2*s**2 - s + 10. What is c(5)?
11
Let d(c) = c**3 + 5*c**2 - 4